{"id":2,"date":"2024-02-19T20:18:05","date_gmt":"2024-02-19T19:18:05","guid":{"rendered":"https:\/\/konkursywisla.aleksandrajarczyk.com\/?page_id=2"},"modified":"2024-04-04T15:09:57","modified_gmt":"2024-04-04T13:09:57","slug":"przykladowa-strona","status":"publish","type":"page","link":"https:\/\/konkursywisla.aleksandrajarczyk.com\/","title":{"rendered":"Strona g\u0142\u00f3wna"},"content":{"rendered":"\n<div class=\"wp-block-columns has-palette-color-8-background-color has-background is-layout-flex wp-container-core-columns-is-layout-28f84493 wp-block-columns-is-layout-flex\" id=\"container\">\n<div class=\"wp-block-column is-vertically-aligned-center is-layout-flow wp-block-column-is-layout-flow\" style=\"flex-basis:100%\"><div class=\"n2_clear\"><ss3-force-full-width data-overflow-x=\"body\" data-horizontal-selector=\"body\"><div class=\"n2-section-smartslider fitvidsignore  n2_clear\" data-ssid=\"2\"><div id=\"n2-ss-2-align\" class=\"n2-ss-align\"><div class=\"n2-padding\"><div id=\"n2-ss-2\" data-creator=\"Smart Slider 3\" data-responsive=\"fullwidth\" class=\"n2-ss-slider n2-ow n2-has-hover n2notransition  \">\n        <div class=\"n2-ss-slider-1 n2-ow\">\n            <div class=\"n2-ss-slider-2 n2-ow\">\n                <div class=\"n2-ss-slide-backgrounds n2-ow-all\"><div class=\"n2-ss-slide-background\" data-public-id=\"1\" data-mode=\"fill\"><div class=\"n2-ss-slide-background-image\" data-blur=\"0\" data-opacity=\"100\" data-x=\"50\" data-y=\"50\" data-alt=\"\" data-title=\"\"><picture class=\"skip-lazy\" data-skip-lazy=\"1\"><img decoding=\"async\" src=\"\/\/konkursywisla.aleksandrajarczyk.com\/wp-content\/uploads\/2024\/03\/thumbnail_Landing-Page_Konkurs-Orlen.png\" alt=\"\" title=\"\" loading=\"lazy\" class=\"skip-lazy\" data-skip-lazy=\"1\"><\/picture><\/div><div data-color=\"RGBA(255,255,255,0)\" style=\"background-color: RGBA(255,255,255,0);\" class=\"n2-ss-slide-background-color\"><\/div><\/div><\/div>                <div class=\"n2-ss-slider-3 n2-ow\">\n                    <svg xmlns=\"http:\/\/www.w3.org\/2000\/svg\" viewBox=\"0 0 1200 800\" data-related-device=\"desktopPortrait\" class=\"n2-ow n2-ss-preserve-size n2-ss-preserve-size--slider n2-ss-slide-limiter\"><\/svg><div data-first=\"1\" data-slide-duration=\"0\" data-id=\"4\" data-slide-public-id=\"1\" data-title=\"thumbnail_Landing Page_Konkurs Orlen\" class=\"n2-ss-slide n2-ow  n2-ss-slide-4\"><div role=\"note\" class=\"n2-ss-slide--focus\" tabindex=\"-1\">thumbnail_Landing Page_Konkurs Orlen<\/div><div class=\"n2-ss-layers-container n2-ss-slide-limiter n2-ow\"><div class=\"n2-ss-layer n2-ow n-uc-s32xI7v6ZriB\" data-sstype=\"slide\" data-pm=\"default\"><\/div><\/div><\/div>                <\/div>\n                            <\/div>\n        <\/div>\n        <\/div><ss3-loader><\/ss3-loader><\/div><\/div><div class=\"n2_clear\"><\/div><\/div><\/ss3-force-full-width><\/div>\n\n\n<div style=\"height:50px\" aria-hidden=\"true\" id=\"spacer\" class=\"wp-block-spacer\"><\/div>\n\n\n\n<p style=\"font-size:clamp(14px, 0.875rem + ((1vw - 3.2px) * 0.469), 20px);\"><strong>KONKURS 1 \u2013 czas trwania 7.04 -12.04<\/strong><\/p>\n\n\n\n<p>Kt\u00f3ry pi\u0142karz Twoim zdaniem przebiegnie najd\u0142u\u017cszy dystans podczas mecz\u00f3w z Wis\u0142\u0105, Zniczem i Resovi\u0105?<br><br><strong>Do wygrania:<\/strong> Podw\u00f3jne zaproszenie na sektor <strong>ORLEN OIL VIP Silver<\/strong> na mecz Wis\u0142a &#8211; Podbeskidzie,<strong> koszulki meczowe<\/strong>, <strong>pi\u0142ki <\/strong>oraz <strong>zestaw produkt\u00f3w ORLEN OIL<\/strong><\/p>\n\n\n\n<div style=\"height:25px\" aria-hidden=\"true\" id=\"spacer\" class=\"wp-block-spacer\"><\/div>\n\n\n\n<div class=\"wp-block-buttons is-content-justification-center is-layout-flex wp-container-core-buttons-is-layout-a89b3969 wp-block-buttons-is-layout-flex\">\n<div class=\"wp-block-button has-custom-font-size\" style=\"font-size:clamp(14px, 0.875rem + ((1vw - 3.2px) * 0.078), 15px);\"><a class=\"wp-block-button__link has-background wp-element-button\" style=\"background-color:#9e0d1c\">WE\u0179 UDZIA\u0141<\/a><\/div>\n<\/div>\n\n\n\n<div style=\"height:25px\" aria-hidden=\"true\" id=\"spacer\" class=\"wp-block-spacer\"><\/div>\n\n\n\n<hr class=\"wp-block-separator has-text-color has-palette-color-4-color has-alpha-channel-opacity has-palette-color-4-background-color has-background is-style-wide\" style=\"margin-top:0px;margin-bottom:0px\"\/>\n\n\n\n<div style=\"height:25px\" aria-hidden=\"true\" id=\"spacer\" class=\"wp-block-spacer\"><\/div>\n\n\n\n<p style=\"font-size:clamp(14px, 0.875rem + ((1vw - 3.2px) * 0.469), 20px);\"><strong>KONKURS 2 \u2013 czas trwania 10.05 -11.05<\/strong><\/p>\n\n\n\n<p>Przyjd\u017a na mecz z Lechi\u0105 Gda\u0144sk i poka\u017c jak wspierasz Wis\u0142\u0119 Krak\u00f3w!<br><br><strong>Do wygrania:<\/strong> Podw\u00f3jne zaproszenie na sektor <strong>ORLEN OIL VIP Silver<\/strong> na mecz Wis\u0142a &#8211; Termalica BB,<strong> koszulki meczowe<\/strong>, <strong>pi\u0142ki <\/strong>oraz <strong>zestaw produkt\u00f3w ORLEN OIL<\/strong><\/p>\n\n\n\n<div style=\"height:25px\" aria-hidden=\"true\" id=\"spacer\" class=\"wp-block-spacer\"><\/div>\n\n\n\n<div class=\"wp-block-buttons is-content-justification-center is-layout-flex wp-container-core-buttons-is-layout-a89b3969 wp-block-buttons-is-layout-flex\">\n<div class=\"wp-block-button has-custom-font-size\" style=\"font-size:clamp(14px, 0.875rem + ((1vw - 3.2px) * 0.078), 15px);\"><a class=\"wp-block-button__link has-background wp-element-button\" style=\"background-color:#9e0d1c\">WE\u0179 UDZIA\u0141<\/a><\/div>\n<\/div>\n\n\n\n<div style=\"height:25px\" aria-hidden=\"true\" id=\"spacer\" class=\"wp-block-spacer\"><\/div>\n\n\n\n<hr class=\"wp-block-separator has-text-color has-palette-color-4-color has-alpha-channel-opacity has-palette-color-4-background-color has-background is-style-wide\" style=\"margin-top:0px;margin-bottom:0px\"\/>\n\n\n\n<div style=\"height:25px\" aria-hidden=\"true\" id=\"spacer\" class=\"wp-block-spacer\"><\/div>\n\n\n\n<p style=\"font-size:clamp(14px, 0.875rem + ((1vw - 3.2px) * 0.469), 20px);\"><strong>KONKURS 3 \u2013 czas trwania 13.05 -17.05<\/strong><\/p>\n\n\n\n<p>Podaj jaki padnie wynik meczu GKS Katowice &#8211; Wis\u0142a Krak\u00f3w oraz podaj minimum jednego strzelca bramki.<br><br><strong>Do wygrania:<\/strong> Podw\u00f3jne zaproszenie na sektor <strong>ORLEN OIL VIP Silver<\/strong> na mecz Wis\u0142a &#8211; Termalica BB,<strong> koszulki meczowe<\/strong>, <strong>pi\u0142ki <\/strong>oraz <strong>zestaw produkt\u00f3w ORLEN OIL<\/strong><\/p>\n\n\n\n<div style=\"height:25px\" aria-hidden=\"true\" id=\"spacer\" class=\"wp-block-spacer\"><\/div>\n\n\n\n<div class=\"wp-block-buttons is-content-justification-center is-layout-flex wp-container-core-buttons-is-layout-a89b3969 wp-block-buttons-is-layout-flex\">\n<div class=\"wp-block-button has-custom-font-size\" style=\"font-size:clamp(14px, 0.875rem + ((1vw - 3.2px) * 0.078), 15px);\"><a class=\"wp-block-button__link has-background wp-element-button\" style=\"background-color:#9e0d1c\">WE\u0179 UDZIA\u0141<\/a><\/div>\n<\/div>\n\n\n\n<div style=\"height:25px\" aria-hidden=\"true\" id=\"spacer\" class=\"wp-block-spacer\"><\/div>\n\n\n\n<hr class=\"wp-block-separator has-text-color has-palette-color-4-color has-alpha-channel-opacity has-palette-color-4-background-color has-background is-style-wide\" style=\"margin-top:0px;margin-bottom:0px\"\/>\n\n\n\n<div style=\"height:25px\" aria-hidden=\"true\" id=\"spacer\" class=\"wp-block-spacer\"><\/div>\n\n\n\n<p style=\"font-size:clamp(14px, 0.875rem + ((1vw - 3.2px) * 0.469), 20px);\"><strong>KONKURS 4 \u2013 czas trwania 22.04 \u2013 5.05<\/strong><\/p>\n\n\n\n<p class=\"has-text-color has-link-color wp-elements-65ca1e781a4661189f8542aced3e3ba4\" id=\"link\" style=\"color:#0c3e6f\">Konkurs dla u\u017cytkownik\u00f3w ORLEN OIL Talent Platform. Do\u0142\u0105cz do <a href=\"http:\/\/-&gt; https:\/\/talent.wislakrakow.com\/\" target=\"_blank\" rel=\"noreferrer noopener\">TALENT PLATFORM<\/a>!<\/p>\n\n\n\n<div style=\"height:25px\" aria-hidden=\"true\" id=\"spacer\" class=\"wp-block-spacer\"><\/div>\n\n\n\n<div class=\"wp-block-buttons is-content-justification-center is-layout-flex wp-container-core-buttons-is-layout-a89b3969 wp-block-buttons-is-layout-flex\">\n<div class=\"wp-block-button has-custom-font-size\" style=\"font-size:clamp(14px, 0.875rem + ((1vw - 3.2px) * 0.078), 15px);\"><a class=\"wp-block-button__link has-background wp-element-button\" style=\"background-color:#9e0d1c\">WE\u0179 UDZIA\u0141<\/a><\/div>\n<\/div>\n\n\n\n<div style=\"height:50px\" aria-hidden=\"true\" id=\"spacer\" class=\"wp-block-spacer\"><\/div>\n\n\n\n<figure class=\"wp-block-gallery has-nested-images columns-default is-cropped wp-block-gallery-1 is-layout-flex wp-block-gallery-is-layout-flex\">\n<figure class=\"wp-block-image size-large has-custom-border\"><img loading=\"lazy\" decoding=\"async\" width=\"1024\" height=\"683\" data-id=\"51\" src=\"https:\/\/konkursywisla.aleksandrajarczyk.com\/wp-content\/uploads\/2024\/02\/BAZ231217_102-2-1024x683.jpg\" alt=\"\" class=\"wp-image-51\" style=\"border-radius:10px\" srcset=\"https:\/\/konkursywisla.aleksandrajarczyk.com\/wp-content\/uploads\/2024\/02\/BAZ231217_102-2-1024x683.jpg 1024w, https:\/\/konkursywisla.aleksandrajarczyk.com\/wp-content\/uploads\/2024\/02\/BAZ231217_102-2-300x200.jpg 300w, https:\/\/konkursywisla.aleksandrajarczyk.com\/wp-content\/uploads\/2024\/02\/BAZ231217_102-2-768x512.jpg 768w, https:\/\/konkursywisla.aleksandrajarczyk.com\/wp-content\/uploads\/2024\/02\/BAZ231217_102-2-1536x1024.jpg 1536w, https:\/\/konkursywisla.aleksandrajarczyk.com\/wp-content\/uploads\/2024\/02\/BAZ231217_102-2-2048x1365.jpg 2048w\" sizes=\"auto, (max-width: 1024px) 100vw, 1024px\" \/><\/figure>\n\n\n\n<figure class=\"wp-block-image size-large has-custom-border\"><img loading=\"lazy\" decoding=\"async\" width=\"1024\" height=\"683\" data-id=\"52\" src=\"https:\/\/konkursywisla.aleksandrajarczyk.com\/wp-content\/uploads\/2024\/02\/BAZ231217_084-1-1024x683.jpg\" alt=\"\" class=\"wp-image-52\" style=\"border-radius:20px\" srcset=\"https:\/\/konkursywisla.aleksandrajarczyk.com\/wp-content\/uploads\/2024\/02\/BAZ231217_084-1-1024x683.jpg 1024w, https:\/\/konkursywisla.aleksandrajarczyk.com\/wp-content\/uploads\/2024\/02\/BAZ231217_084-1-300x200.jpg 300w, https:\/\/konkursywisla.aleksandrajarczyk.com\/wp-content\/uploads\/2024\/02\/BAZ231217_084-1-768x512.jpg 768w, https:\/\/konkursywisla.aleksandrajarczyk.com\/wp-content\/uploads\/2024\/02\/BAZ231217_084-1-1536x1024.jpg 1536w, https:\/\/konkursywisla.aleksandrajarczyk.com\/wp-content\/uploads\/2024\/02\/BAZ231217_084-1-2048x1365.jpg 2048w\" sizes=\"auto, (max-width: 1024px) 100vw, 1024px\" \/><\/figure>\n\n\n\n<figure class=\"wp-block-image size-large has-custom-border\"><img loading=\"lazy\" decoding=\"async\" width=\"1024\" height=\"683\" data-id=\"53\" src=\"https:\/\/konkursywisla.aleksandrajarczyk.com\/wp-content\/uploads\/2024\/02\/BAZ230827_070-1-1024x683.jpg\" alt=\"\" class=\"wp-image-53\" style=\"border-radius:20px\" srcset=\"https:\/\/konkursywisla.aleksandrajarczyk.com\/wp-content\/uploads\/2024\/02\/BAZ230827_070-1-1024x683.jpg 1024w, https:\/\/konkursywisla.aleksandrajarczyk.com\/wp-content\/uploads\/2024\/02\/BAZ230827_070-1-300x200.jpg 300w, https:\/\/konkursywisla.aleksandrajarczyk.com\/wp-content\/uploads\/2024\/02\/BAZ230827_070-1-768x512.jpg 768w, https:\/\/konkursywisla.aleksandrajarczyk.com\/wp-content\/uploads\/2024\/02\/BAZ230827_070-1-1536x1024.jpg 1536w, https:\/\/konkursywisla.aleksandrajarczyk.com\/wp-content\/uploads\/2024\/02\/BAZ230827_070-1-2048x1365.jpg 2048w\" sizes=\"auto, (max-width: 1024px) 100vw, 1024px\" \/><\/figure>\n<\/figure>\n<\/div>\n<\/div>\n","protected":false},"excerpt":{"rendered":"<p>KONKURS 1 \u2013 czas trwania 7.04 -12.04 Kt\u00f3ry pi\u0142karz Twoim zdaniem przebiegnie najd\u0142u\u017cszy dystans podczas mecz\u00f3w z Wis\u0142\u0105, Zniczem i Resovi\u0105? Do wygrania: Podw\u00f3jne zaproszenie na sektor ORLEN OIL VIP Silver na mecz Wis\u0142a &#8211; Podbeskidzie, koszulki meczowe, pi\u0142ki oraz zestaw produkt\u00f3w ORLEN OIL KONKURS 2 \u2013 czas trwania 10.05 -11.05 Przyjd\u017a na mecz z [&hellip;]<\/p>\n","protected":false},"author":1,"featured_media":0,"parent":0,"menu_order":0,"comment_status":"closed","ping_status":"open","template":"","meta":{"footnotes":""},"class_list":["post-2","page","type-page","status-publish","hentry"],"blocksy_meta":[],"_links":{"self":[{"href":"https:\/\/konkursywisla.aleksandrajarczyk.com\/index.php\/wp-json\/wp\/v2\/pages\/2","targetHints":{"allow":["GET"]}}],"collection":[{"href":"https:\/\/konkursywisla.aleksandrajarczyk.com\/index.php\/wp-json\/wp\/v2\/pages"}],"about":[{"href":"https:\/\/konkursywisla.aleksandrajarczyk.com\/index.php\/wp-json\/wp\/v2\/types\/page"}],"author":[{"embeddable":true,"href":"https:\/\/konkursywisla.aleksandrajarczyk.com\/index.php\/wp-json\/wp\/v2\/users\/1"}],"replies":[{"embeddable":true,"href":"https:\/\/konkursywisla.aleksandrajarczyk.com\/index.php\/wp-json\/wp\/v2\/comments?post=2"}],"version-history":[{"count":55,"href":"https:\/\/konkursywisla.aleksandrajarczyk.com\/index.php\/wp-json\/wp\/v2\/pages\/2\/revisions"}],"predecessor-version":[{"id":182,"href":"https:\/\/konkursywisla.aleksandrajarczyk.com\/index.php\/wp-json\/wp\/v2\/pages\/2\/revisions\/182"}],"wp:attachment":[{"href":"https:\/\/konkursywisla.aleksandrajarczyk.com\/index.php\/wp-json\/wp\/v2\/media?parent=2"}],"curies":[{"name":"wp","href":"https:\/\/api.w.org\/{rel}","templated":true}]}}